 0 = -5*c - b + 61. Suppose n - c*n = -2*u - 473, 0 = -2*n - 2*u + 964. Is n a composite number?
False
Let w(g) = -2*g - 31. Let p be w(-16). Let q be 6*(-2)/(-6)*(2 - p). Is q*(0 - (-3868)/8) a composite number?
False
Suppose 4*s - 5*t - 29 = 2*s, -3*t - 19 = -2*s. Suppose -4*f + 0*f - z + 21 = 0, -f + 3*z = -s. Is f/((-165)/(-18189)) + 12/(-66) composite?
True
Let b = -43 + 39. Is (3/(-2))/(0 + b/24712) a prime number?
False
Let y(k) = -k**2 + 16*k + 19. Let n be y(17). Suppose n*t = -3*u + 3072, -4*u = -0*u - 3*t - 4079. Let h = u + -279. Is h composite?
False
Let d(k) = -14*k - 39. Let f be d(-11). Suppose -4939 = 104*v - f*v. Is v a composite number?
False
Suppose 0 = 5*q - 2*w - 166105, 39*q - 42*q - 2*w + 99679 = 0. Is q composite?
False
Is (-5 - (-31 - -13)) + 106506 prime?
False
Let s(q) = 7*q**2 - 9*q - 51. Suppose -284*r - 48 = -287*r. Is s(r) prime?
True
Is 75*(-473)/(-11 - -7 - -1) - -4 prime?
False
Let o(k) = -152675*k - 4693. Is o(-4) a prime number?
False
Suppose -1782 + 242 = -5*d. Is d/8 + (-3)/2 composite?
False
Suppose 4*z - 66 = 70. Suppose 25 = -29*u + z*u. Suppose 0 = 3*y + n - 0*n - 6295, -5*y + u*n = -10505. Is y composite?
False
Suppose 0 = 8*g + 5 - 37. Suppose 8*a - 4*l = 5*a + 48510, 16162 = a - g*l. Is a composite?
True
Suppose -2*s = 4 + 6, 12 = w - 2*s. Suppose w*c - 2944 = -2*d, d - 5*d - c + 5885 = 0. Is d composite?
False
Suppose -7*u + 0 + 7 = 0. Suppose 6*l + u = 7*l. Let i(n) = 1206*n + 5. Is i(l) composite?
True
Let z(d) = 3*d**3 - 7*d**2 + 11. Let v be (4/12)/(4/48). Suppose -4*r + v*y + 14 = -22, -3*r = 2*y - 22. Is z(r) a prime number?
False
Let v(w) = 2*w**2 - 43*w + 1. Is v(24) composite?
True
Suppose -5*u - 8314 = -l + 5732, 0 = -5*u + 5*l - 14030. Let n = 4704 + u. Is n composite?
True
Let o(l) be the second derivative of 113*l**4/6 - l**2/2 + 2*l. Let n be o(1). Suppose -n = -5*c + 5*w, -3*w + w = -c + 41. Is c a prime number?
False
Let g be 1 - 6/4 - 216888/(-16). Let m be (-13)/26 + g/(-2). Is (10/(-4) - -2)*m a prime number?
True
Suppose 16*h - 166*h + 3418862 = 44*h. Is h composite?
False
Let x = -122883 + 234497. Is x prime?
False
Let z = 5669 + -9380. Let y = z + 7542. Is y composite?
True
Let t be -53*(-5)/(15/3). Let j = -64 + t. Is 381/(-6)*(j - -9) a composite number?
False
Suppose 686*h = 178*h + 79914387 + 102895001. Is h a prime number?
False
Let j = -3854 - -7243. Let s = -1342 + j. Is s a prime number?
False
Suppose -45*k = -64*k. Let h be 5/((-5)/(-4))*1. Suppose 2*x - h*u = 2724, k*x - 2*u = -2*x + 2716. Is x composite?
True
Suppose -3*n - 3*r = -0*r, 0 = 2*r + 2. Let y(l) be the second derivative of 247*l**3/2 - l**2 - l. Is y(n) composite?
False
Suppose 4*j - 257 = o, 4*o + 5*j + 1028 = 6*j. Let q = -88 - o. Is q a composite number?
True
Is 10*(143/(-26))/(-11) - -24*617 prime?
True
Let j = -559 - -116. Let g = 769 + j. Is g prime?
False
Suppose 4*s = -2*n + 355974, -3*n + 1 + 2 = 0. Is s composite?
False
Suppose 3*n - 54 = 8*n + x, -5*x + 5 = 0. Is (-2)/n - (-161577)/11 a composite number?
True
Suppose 6014301 - 622800 = 32*a - 2672275. Is a a prime number?
False
Suppose 10*g = -20*g + 3764910. Is g a prime number?
True
Let x be (-1)/2 + 4908/8. Suppose -2*l = 5*s - 215, 3*s - 367 = -4*l + 56. Suppose x = 4*y + l. Is y prime?
True
Let l(p) = -12 + 138*p - 2 - 21. Is l(9) composite?
True
Let l be 56/42*(9 - 0). Let p(d) = -d**3 + 11*d**2 + 12*d + 5. Let m be p(l). Suppose m*h - 640 = -185. Is h a composite number?
True
Let j(g) = g**2 - g + 14. Let v = 267 - 251. Is j(v) a prime number?
False
Suppose s + 3301 = -2*d - 2637, -3*d + 9 = 0. Let t = 13326 + s. Is t a composite number?
True
Suppose 0 = -4*y - 5*c - 56, -3*y + 0*c - 42 = -c. Let j be (-24)/36 + y/6. Is j - 57/(-2) - (-2)/(-4) a composite number?
True
Let y(u) = u**3 - 6*u**2 - 7*u + 2. Let n be y(7). Suppose n*w + w = 2*w. Suppose -1290 - 3290 = -5*d - 5*b, -3*d - 2*b + 2743 = w. Is d composite?
False
Suppose 3*x - 3*a - 63 = x, -5*a = -4*x + 125. Is x/(-18)*(-12633)/5 composite?
False
Let f = -65 - -67. Suppose -2*h = f, -15 = -4*o + 2*h + 11. Suppose o*l - 2895 = -909. Is l composite?
False
Let p(y) be the third derivative of -39*y**6/40 - y**5/20 + y**3/6 + 3*y**2. Let s be 2/(6/18 + 21/(-9)). Is p(s) a composite number?
True
Let b(z) = -4*z**3 + 7*z**2 - 25*z - 38. Let l(j) = -9*j**3 + 14*j**2 - 48*j - 75. Let f(n) = -7*b(n) + 3*l(n). Is f(24) a prime number?
False
Let r(q) be the third derivative of -5*q**5/6 + 43*q**4/24 + 5*q**3/2 + 2*q**2. Let p(a) be the first derivative of r(a). Is p(-19) composite?
True
Let n be (7410/38)/((-1)/(-40)). Suppose 0 = 5*p - l - n, -p + 4*l + 1012 = -529. Is p composite?
True
Let z = 896232 + -230003. Is z a prime number?
True
Let p be -2*((-6)/4 + 2805/30). Let d = -560 - p. Let f = 1883 + d. Is f a composite number?
True
Let p = 1218 + -1949. Let z(o) = o - 286. Let g be z(0). Let l = g - p. Is l composite?
True
Suppose 4*y = -16, -6*r + 4*r + 3*y + 1220 = 0. Let f be (139 - 149) + -2 + 1029. Let x = f - r. Is x composite?
True
Let k = 244 + -2. Suppose 0 = 1100*m - 1102*m + k. Is m composite?
True
Suppose 102*i - 97*i = -20. Is (2/i)/(6/(-451068)) a prime number?
True
Suppose 0 = -2*v + 2, -11*r = -15*r + 2*v + 4154. Suppose -2743 - r = -2*y. Is y prime?
False
Is 1*-1 + 1253/537 + (-228958)/(-6) a composite number?
True
Let w be 2/(-5) + (-882)/45. Let l = w - -38. Suppose -20*v + l*v + 3086 = 0. Is v a composite number?
False
Suppose 8*q - 2*w = 10*q - 106462, 2*q - 106450 = 4*w. Suppose 6*f - 477 = q. Is f a composite number?
False
Is ((-123)/(-82))/(3/2019068)*(-5)/(-10) prime?
True
Let x = 436 + -423. Suppose 9*l - 130966 = -x*l. Is l prime?
True
Let t(s) = 185*s**2 - s - 32. Let i(y) = 185*y**2 - y - 30. Let g(x) = -6*i(x) + 7*t(x). Let q be g(-10). Suppose -q = 5*r - 7*r. Is r a prime number?
False
Suppose -12*v + 151041 = 16677. Suppose 8372 = 3*q - v. Is q a prime number?
False
Suppose -30*v = -5*r - 50*v + 5719045, r + v - 1143824 = 0. Is r composite?
False
Suppose -3681626 + 5718441 - 152813269 = -138*g. Is g a prime number?
True
Suppose -164*l + 4652516 = -0*l. Is l a prime number?
False
Let n = 277175 + -118986. Is n composite?
False
Let g = 339 + -71. Suppose b + s = 2*b - g, 268 = b + s. Is b + (-21)/(-7)*(-2)/2 a composite number?
True
Let m(q) = 30*q - 204. Let w be m(6). Is (-4562)/w*15*4 a composite number?
True
Let m(c) = 2*c**3 + c**2 + 4*c + 28005. Let t be m(0). Suppose 781*i - 784*i + t = 0. Is i composite?
True
Let z = -96 + 100. Suppose -n + 2 = 0, -j - 2714 = -2*n + z*n. Let c = 4565 + j. Is c a composite number?
False
Let j(k) = k**2 + 5*k - 9. Let o be j(-9). Suppose 5*h = -4*h + o. Is 703/h*6/(-8)*-4 a prime number?
False
Let t be -1*(-4)/12*111372. Suppose n = -3*s + s + 24747, 5*n = -3*s + t. Is s composite?
False
Let p(y) = y**3 + 6*y**2 - 3*y - 3. Let l be p(4). Suppose l = -2*b - 723. Let c = -243 - b. Is c prime?
True
Let b(h) = 14*h**3 + h**2 + 13*h - 25. Let t(c) = -c**3 - 14*c**2 + 51*c + 6. Let a be t(-17). Is b(a) composite?
True
Suppose 7*l - 12 = 3*l - n, 15 = 5*l + 4*n. Suppose -359 + 1420 = m + 2*b, 0 = -l*m - 5*b + 3185. Suppose m + 1588 = 7*y. Is y composite?
False
Let v = 1087 - 419. Let i be (-4 - 1)*(-6)/15. Suppose -1674 = -5*j + c, -i*j + c + v = -c. Is j a composite number?
True
Suppose 4*a = 2*t - 8648, 2*t = 7*t + a - 21598. Let d = -2159 + t. Is d a prime number?
True
Suppose -5*q + 7*q - 4*h = 2064, 2*q + 3*h = 2036. Let c = q - -123. Is c prime?
False
Suppose 43238 = -44*m + 1162142 + 1166588. Is m a prime number?
False
Let j = 37691 + 23497. Suppose 80*m = 92*m - j. Is m prime?
True
Let p(z) = -464*z - 68. Let q be p(-9). Suppose s - q = -2*r, -3*r = -0*s - 2*s - 6155. Is r a prime number?
True
Let j = -67 + 98. Suppose -5*r - 3*x = -j, 2*x = -0*x + 4. Suppose 2*y - r*y = -k + 85, -3*k + 3*y = -255. Is k a prime number?
False
Suppose -3 = 3*d, 0 = -204*t + 203*t + 4*d + 28677. Is t prime?
False
Let v(w) = 475*w**3 - w**2 + 4*w + 4. Let s be v(-1). Is (-23)/69 + s/(-6) prime?
True
Let v = 47640 - 28680. Suppose 0 = s - 5*s + v. Suppose 4*m - 3837 = -5*b, 5*m + 5*b + s = 10*m. Is m prime?
True
Suppose -29*f + 385 = -22*f. Suppose f*v - 2*b = 50*v + 28651, v - 2*b = 5727. Is v a prime number?
False
Let f be ((-154)/2